-7). Let c = -73 - n. List the prime factors of c.
3, 7
Suppose 75*n - 933 - 42 = 0. List the prime factors of n.
13
Suppose 4*w - 5*s = 19, -2*w + 10 - 2 = -4*s. Suppose -b = 4*b + 5, f + w = -2*b. What are the prime factors of 3/f*192/(-8)?
2, 3
Let v be (-144)/(-45) - (-2)/(-10). Suppose j + 5 = 10, v*z = -5*j + 34. List the prime factors of (-3)/(1284/(-424) + z).
2, 53
Let o(h) = h**2 - 14*h - 53. Let c be o(-44). Let n = c + -1761. List the prime factors of n.
2, 3, 41
Suppose -f = -0 - 4. Suppose 9*r + 42 = 23*r. Suppose 6*h - f*c - 154 = 4*h, 4*h - r*c = 313. What are the prime factors of h?
79
Let w be (-287495)/(-3) - (-14)/42. What are the prime factors of -1*12/15 - w/(-165)?
2, 5, 29
Let x be (16/10)/(-8 + 210/25). Suppose 2526 = 8*o - 3*o - x*y, -o + y + 505 = 0. What are the prime factors of o?
2, 11, 23
What are the prime factors of (-111)/(-148)*(-71016)/(-9)?
2, 11, 269
Suppose -2*u + 499 = -3*f, 5*f = 2*u - 0*u - 509. Let y = u + -82. What are the prime factors of y?
2, 5
Let q = 13374 + -6679. What are the prime factors of q?
5, 13, 103
Let j be 48/(-80)*(2 - -8). What are the prime factors of -2 - (j + (-2343)/3)?
5, 157
Let x be (-3)/(-18) + (-5 - (-1742)/(-12)). Let o = x - -188. List the prime factors of o.
2, 19
Suppose -95*c - 88 = -106*c. Let f(z) = z**3 - 4*z**2 + 13*z - 20. What are the prime factors of f(c)?
2, 5, 17
Let u(k) be the third derivative of -k**4/24 + 13*k**3/6 + 4*k**2. Let p be u(8). Suppose 2*r - 54 = -y - 6, p*r = -4*y + 183. List the prime factors of y.
2, 3, 7
Suppose -22*y = -26*y + 124. Suppose 5*u - 113 = -2*n - n, 0 = -5*u - 10. Let s = n + y. What are the prime factors of s?
2, 3
Suppose -2*m + 12*c + 28020 = 10*c, 0 = 4*m + 5*c - 56067. List the prime factors of m.
3, 173
Let x = 107 + -95. Suppose 0 = x*n - n. Suppose n = -5*z - 4*j + 959, z = 2*j - 3*j + 191. What are the prime factors of z?
3, 5, 13
Suppose -5*f - 4*t + 310 = 0, 3*t + t = 0. What are the prime factors of (f/(-40) + (-16)/80)*-156?
3, 7, 13
Suppose 206367 = 21*s - 1409079. List the prime factors of s.
2, 3, 12821
Let i(u) = -u**2 + 18*u + 5. Let a be i(18). Suppose 0*f + 2*f = -4*d, 22 = d - a*f. Suppose d*l + 0*l - 76 = 0. What are the prime factors of l?
2, 19
Let f = 178 + -164. Suppose -3*v + 44 - f = z, 3*z + v - 50 = 0. List the prime factors of z.
3, 5
Let g = 7392 - 3703. List the prime factors of g.
7, 17, 31
Let t(n) = -10*n**3 - 18*n**2 + 0*n - 2*n + 156*n**3 + 14*n**2. What are the prime factors of t(2)?
2, 7, 41
Let l(b) = 17*b**2 - 101*b - 92. List the prime factors of l(30).
2, 6089
Let r(s) = s - 5. Let k be r(-4). Let g be (-4)/6 + (-33)/k. Suppose -g*v = -183 - 372. List the prime factors of v.
5, 37
Suppose 7*b + 2*b + 72 = 0. Let q be (b/3)/(8/12). List the prime factors of (-22)/((-2 - q)*-1).
11
Let n(f) = 7*f**2 + 4*f + 1. Let v be n(-2). Suppose 6*o + o - v = 0. Let w(l) = 17*l + 6. What are the prime factors of w(o)?
3, 19
Let c be (808/(-12) - 4)/((-2)/24). Suppose -k + 272 = 2*h, -5*k + 2*k + 4*h + c = 0. What are the prime factors of k?
2, 5, 7
Let a(c) = 707*c**2 + 10*c + 5. Let v be a(-3). List the prime factors of v/12 - 2/12 - 3.
3, 5, 7
Let x(a) = 2*a**2 - 26*a + 55. Let w be x(12). Let c = w - -574. What are the prime factors of c?
5, 11
Let a(n) = -n**3 + 8*n**2 - 49. Let p be a(10). Let o = -104 - p. What are the prime factors of o?
5, 29
Let z(x) = 251*x**2 + 92*x + 10. List the prime factors of z(-11).
43, 683
Let i = 94 + -84. Suppose 12*g = 7*g - i. List the prime factors of 1160/(6 + g) - -1.
3, 97
Let q(b) = 1316*b - 12. Let t be q(-1). Let l = t - -1877. List the prime factors of l.
3, 61
Let u(j) = 3*j**3 - 2*j**2 - 38*j + 615. What are the prime factors of u(13)?
2, 3187
Let f(r) = 36*r**2 - 9*r - 32. Let u be f(-3). Let v = u + -315. List the prime factors of v.
2
Let l(f) = 2*f + f + 0*f**3 + f**3 + 17 + 10*f**2 - 6. Let z be l(-9). What are the prime factors of -3 - ((1 - z) + 3)?
2, 29
Suppose 33*p = 292367 - 112550. What are the prime factors of p?
5449
Let j = -52 + 170. What are the prime factors of (-1 - 12/8)/((-1)/j)?
5, 59
Let r(b) = b**2 + 4*b. Let v be r(-4). Suppose -1394 = 95*m - 112*m. Suppose v = 5*f - m - 98. What are the prime factors of f?
2, 3
Let d = -1406 + 1595. What are the prime factors of d?
3, 7
Let c(u) = u**2 - 20*u - 4. Let x(o) = o**3 - 25*o**2 + o - 31. Let g be x(25). What are the prime factors of c(g)?
2, 19
Let i = 156 + -154. Suppose -3416 = -i*k + 3*r - 1391, 990 = k + 3*r. What are the prime factors of k?
3, 5, 67
Suppose -16 = -4*w + 4*y, -2*w - y = -2*y - 4. Suppose 10*q - 13*q + 1335 = w. List the prime factors of q.
5, 89
Let k = 3851 - -2609. What are the prime factors of k?
2, 5, 17, 19
Let z be 2*4/(-4)*1 - -1. Let l(q) = 5*q**2 + 4*q + 3. Let r be l(z). Suppose -617 = -r*f - o, 0 = -5*f + 2*o + 57 + 724. What are the prime factors of f?
5, 31
Let l(p) = -3*p**2 + 7*p + 3. Let n be l(2). Suppose -2778 = 3*t - n*t. List the prime factors of t.
3, 463
Let l(d) = 7*d**3 - 3*d**2 + 13*d + 4. Let y be l(7). Suppose -y = -2*t - 5*p, 0 = 3*t - 3*p - 0*p - 3513. List the prime factors of t.
2, 293
Suppose 3*d + 5*h = 12390, 2*d + 20634 = 7*d + 3*h. Suppose 2*f - d = -5*s + 5*f, f = -5*s + 4125. What are the prime factors of s?
3, 5, 11
Suppose 2*h - 8*x - 22142 = -7*x, -2*x = 8. What are the prime factors of h?
11069
Suppose -20*g = -8*g - 1320. Suppose g = l - 283. What are the prime factors of l?
3, 131
Let d be 49/14 - 4140/(-8). Let w = 657 - d. List the prime factors of w.
2, 17
Suppose 15*j = 268186 + 273623 - 139389. What are the prime factors of j?
2, 19, 353
Suppose -88*x + 16 = -84*x. Suppose -4*q = 4*b - x, 3*b - 2*q = -7*q - 5. Suppose 1160 = -b*s + 15*s. List the prime factors of s.
2, 29
Suppose 58555 = 39*k - 252938. List the prime factors of k.
7, 163
Suppose 6*d - 8*d = o - 16, 0 = -o - 3*d + 16. What are the prime factors of 3514/8 - 4/o?
439
What are the prime factors of (18347343/1218)/(((-3)/2)/(-3))?
47, 641
Let o = 4892 - 3237. Suppose -2*m + o = -6*q + 7*q, 0 = 4*m - q - 3325. What are the prime factors of m?
2, 5, 83
Suppose -3311068 = -389*m + 5797367. List the prime factors of m.
3, 5, 7, 223
Let l(t) = -57*t + 201. Let i be l(-21). Suppose 3*a + 13*j - 12*j = 2122, -2*a + i = 4*j. What are the prime factors of a?
709
Suppose -3*c + 52578 = g, 6*c - 11*c = -5. What are the prime factors of g?
3, 5, 701
List the prime factors of (4 + -2)/2*294078/69.
2, 2131
Suppose 34*h - 33*h = -5*r + 151, -3*r + 9 = 0. What are the prime factors of (546/(-4))/((-51)/h)?
2, 7, 13
Let t be ((-21)/(-6) + -3)*-4. List the prime factors of 89*(t/(-8) - 110/(-40)).
3, 89
Suppose -4*z - 64640 = -7*z - 4*j, 0 = 4*z + j - 86204. What are the prime factors of z?
2, 3, 449
Let w(x) be the first derivative of -1/3*x**3 + 7 + x - 65/4*x**4 + 1/2*x**2. What are the prime factors of w(-1)?
2
Let d = -3912 - -7092. What are the prime factors of d?
2, 3, 5, 53
Suppose 454*f - 456*f = -1106. Suppose 150*i = 151*i - f. What are the prime factors of i?
7, 79
Let s be (5 - 11)*3/3. Let j be (32/40)/(s/(-1425)). Let n = -130 + j. What are the prime factors of n?
2, 3, 5
What are the prime factors of -23*1420/(-6)*(-66)/(-44)?
5, 23, 71
Let u(f) = -51*f + 15. Let g(r) = -26*r + 8. Let p(h) = -5*g(h) + 3*u(h). Let y be p(2). Let v = y - -124. List the prime factors of v.
83
Let x(j) be the third derivative of 7*j**5/10 + j**4/4 - j**3/3 + 37*j**2. Let t be x(2). Let w = t - -20. What are the prime factors of w?
2, 3, 11
Suppose 4*a = 6*a - 826. Suppose -30 = y - d - 133, -4*y + 3*d + a = 0. Let v = y + 15. List the prime factors of v.
7, 17
Suppose -72*o + 1458521 = -9*o - 344854. List the prime factors of o.
5, 229
Let t = -9243 - -23131. List the prime factors of t.
2, 7, 31
Suppose 19*n - 105252 + 42548 = 321286. What are the prime factors of n?
2, 5, 43, 47
Suppose 3*c = 21*w - 18*w + 372, 404 = 3*c + 5*w. What are the prime factors of c?
2
Let j be 1*-27*(9 - -1). Let b = -129 - j. Suppose -b = -u - 5*k, -u = -4*u - 2*k + 397. List the prime factors of u.
131
Suppose 4*g + 9*x - 14*x - 25 = 0, 0 = -2*g - 2*x + 8. Suppose g*i = -15, 10*s - 2*i - 4306 = 5*s. What are the prime factors of s?
2, 5, 43
Suppose 182 = w - 49. List the prime factors 